.
6
Suppose -4 = -2*z - 0. Let k = z - -1. Calculate the remainder when k is divided by 3.
0
Let y = 108 - 102. Calculate the remainder when 20 is divided by y.
2
Let z = 54 - 34. Suppose -5*y + 271 = -24. Calculate the remainder when y is divided by z.
19
Suppose 4*l - l = 96. What is the remainder when 95 is divided by l?
31
What is the remainder when (-1)/((-3 - (-232)/76)*-1) is divided by 7?
5
Let t(w) = w**3. Let q(n) = 2*n**3 + n**2 - 1. Let p(z) = q(z) - 5*t(z). Suppose -5*y = -23 - 17. Calculate the remainder when y is divided by p(-1).
2
Let m(y) = -y**3 - y**2 + y + 27. What is the remainder when 105 is divided by m(0)?
24
Suppose 13*b - 100 = 8*b. What is the remainder when 217 is divided by b?
17
Let q = -15 + 7. Let g = q - -31. What is the remainder when g is divided by 6?
5
Let d(f) = -f**3 + 4*f**2 + 8*f - 6. Let m = -6 + 11. What is the remainder when 34 is divided by d(m)?
7
Suppose 3*o + 4 = 73. Calculate the remainder when o is divided by 12.
11
Let w = -35 + 57. What is the remainder when w is divided by 8?
6
Suppose 0 = -0*y - 2*y + 6. Let j be (-8 - (3 - y))*-2. Let q = j + -7. Calculate the remainder when 26 is divided by q.
8
Suppose 8*m - 140 = 4*m. What is the remainder when m is divided by 18?
17
Let y be (-10)/15 - 28/(-6). What is the remainder when -1*y/(12/(-111)) is divided by 13?
11
What is the remainder when (-7 - -21)/((-4)/(-6)) is divided by 11?
10
Suppose 3*l - 3*a = 9, -3*l + 1 = 8*a - 3*a. Suppose 2*b = -j + 3 - 1, -3*b + 2*j = -10. Calculate the remainder when l is divided by b.
0
Let n(f) = f**3 + f**2 + f + 11. Let a = -36 + 67. Calculate the remainder when a is divided by n(0).
9
Suppose 3*x + x - 24 = 0. Let m = 22 + -12. Calculate the remainder when m is divided by x.
4
Let y(h) = 14*h. Let v be y(1). Suppose o = -o + v. Let s = 16 + 3. Calculate the remainder when s is divided by o.
5
Calculate the remainder when 202 is divided by (-2856)/(-85) - 2/(-5).
32
Let m(v) = -4*v**3 - v**2 + 3*v - 1. Let o(s) = -s**3 + s**2 - s - 1. Let d(j) = -m(j) + 3*o(j). Calculate the remainder when d(-4) is divided by 12.
10
Let g = 20 - -14. Calculate the remainder when g is divided by 9.
7
Let y = 8 + -6. Suppose -3*g + y*g + 29 = 0. Suppose 8 = 4*c, 9 + 39 = 4*z + 4*c. What is the remainder when g is divided by z?
9
Calculate the remainder when 82 is divided by 7*((-8)/(-12))/(2/9).
19
Suppose 0 = 4*b + 1 - 49. Calculate the remainder when 46 is divided by b.
10
Suppose -2*f - f + 12 = 0. Let w be (-6)/2 + (-13)/(-1). Suppose -y = f*y - w. Calculate the remainder when 5 is divided by y.
1
Let g = -19 + 27. Suppose 0 = -3*n + 12, -5*a + 0*a = -3*n - g. Let k(x) = -x**3 - 6*x**2 - 7*x. Calculate the remainder when k(-5) is divided by a.
2
Let l = -45 + 79. Calculate the remainder when l is divided by 18.
16
Suppose 4*n = -8 - 0, 4*q = 4*n + 24. Suppose q*l = 3*l + 50. What is the remainder when l is divided by 18?
14
Let p(a) = -13*a - 4. Calculate the remainder when p(-7) is divided by 30.
27
Suppose 2*h + 5*c + 1 = h, -29 = 4*h - 5*c. Let x = 24 - h. Calculate the remainder when x is divided by 11.
8
Let a(q) be the second derivative of 0 + q**2 + 2*q + 5/6*q**3 - 1/12*q**4. Calculate the remainder when a(3) is divided by 3.
2
Let q(a) = -5*a - 5 + 14*a - 1 + 1 - a**2. What is the remainder when 43 is divided by q(5)?
13
Let g be (-2 + (30 - -1))/(-1). Suppose 24 = -4*x + 2*x. Let k = x - g. Calculate the remainder when 67 is divided by k.
16
Suppose 11*k - 16*k + 145 = 0. What is the remainder when 86 is divided by k?
28
Suppose 11 + 27 = j. What is the remainder when j is divided by 13?
12
Suppose 0*m - 5*m = -95. Let u = 95 - 88. What is the remainder when m is divided by u?
5
Suppose 1 + 5 = -m. Let g be (3/m)/((-2)/20). Suppose -2*l + 4*y + 10 = -0*l, -58 = -g*l - y. What is the remainder when 19 is divided by l?
8
Let j = 3 - -52. Suppose 2*g = -5*y + g + j, -3*g - 51 = -3*y. Calculate the remainder when 22 is divided by y.
10
Let q(r) = r**3 + 2*r**2 - r - 1. Suppose 1 = u - 1. What is the remainder when q(u) is divided by 7?
6
Let d = 547 + -386. What is the remainder when d is divided by 55?
51
Suppose 2*h + 3*h - 105 = -5*l, -5*h = -4*l - 150. What is the remainder when 99 is divided by h?
21
Suppose -9 = 3*n, -8 = -2*q + 5*n + 25. Suppose -z + 3*z - 13 = -5*r, 29 = -4*z + r. What is the remainder when (5 + z)/(2/(-32)) is divided by q?
7
Let n = 41 - -1. What is the remainder when n is divided by 3*(-1 + 0)*-5?
12
Suppose b + 58 = 66. What is the remainder when b is divided by 6?
2
Let r = -47 - -57. What is the remainder when 58 is divided by r?
8
Let s = 4 - 3. Let x = -2 - s. What is the remainder when 21 is divided by (11/2)/(x/(-6))?
10
Suppose 6*v + 26 = 122. Suppose -27 = 6*l - 9*l. What is the remainder when v is divided by l?
7
Suppose 0 = 6*r - r + 390. Let u = r - -109. What is the remainder when u is divided by 16?
15
Let x be (-1)/(-2 + 1)*5. Suppose -4*y - c + 47 = -2*y, -113 = -x*y - c. What is the remainder when (48/4)/3*(-390)/(-24) is divided by y?
21
Let t(c) = -c**2 - 5*c - 2. Let f(r) = -r. Let u be f(4). What is the remainder when t(u) is divided by 2?
0
Suppose 3*f + 0*z - z - 82 = 0, 3*z - 15 = 0. What is the remainder when f is divided by 6?
5
Suppose 13*f + 28 = 17*f. Calculate the remainder when 19 is divided by f.
5
Suppose 5*a = 0, j = -a - a + 10. What is the remainder when 28 is divided by j?
8
Calculate the remainder when 17 is divided by 3 + (-12)/(-6) - -1.
5
Suppose 2*f + 128 = 6*f. Suppose 40 + f = 5*y + 3*o, 3*y - 52 = -4*o. Calculate the remainder when y is divided by 3.
0
Let p = -131 - -185. Let j = p + -33. Suppose 0 = 3*w + w - 44. Calculate the remainder when j is divided by w.
10
Suppose 2*n - 33 = -9. Let k = 0 - -4. Suppose 0 = -3*b - 2*q + 103, 2*q + 68 = 2*b + k*q. Calculate the remainder when b is divided by n.
11
Suppose -3*u + 62 = 2*g - 4*g, -u + 23 = -3*g. Calculate the remainder when 57 is divided by u.
17
Suppose z + 169 = 4*n, 70 = 3*n + 5*z - 28. What is the remainder when n is divided by 7?
6
Let x = 183 + -130. Calculate the remainder when x is divided by (-2 + 8/5)*-35.
11
Suppose -3*p = -6*p + 6, 5*c + 3*p = 26. Let m(z) = 6*z - 7. What is the remainder when m(3) is divided by c?
3
Let l(g) = -g + 18. Calculate the remainder when l(0) is divided by 10.
8
Let k = 16 + -1. What is the remainder when 103 is divided by k?
13
Suppose 5 + 31 = -4*c. Let f = c + 80. Calculate the remainder when f is divided by 24.
23
Let t = -80 - -93. Calculate the remainder when 101 is divided by t.
10
Let j be -3 - (1 + -2*13). Let l = j - 11. What is the remainder when 41 is divided by l?
8
Let i = -448 + 646. Suppose -4*x + i = 3*d, -2*d + 57 = x - 5*d. Suppose 58 + 7 = 5*f + 5*r, -2*r - x = -5*f. What is the remainder when 20 is divided by f?
9
Suppose -204 = -4*o - 0*b + 4*b, -3*b - 208 = -4*o. What is the remainder when 217 is divided by o?
52
Suppose -4*h - 4*r = -140, 4*h + r - 117 - 17 = 0. What is the remainder when 65 is divided by h?
32
Let u be 4 + -3 + (-13 - -1). Let w = u + 22. What is the remainder when 53 is divided by w?
9
Let f = -9 + 15. Let m = 28 - 5. Calculate the remainder when m is divided by f.
5
Let z = 26 + 3. Calculate the remainder when z is divided by (285/10)/3 - (-1)/2.
9
Let k = -28 + 59. Let i = 2 + k. What is the remainder when i is divided by 18?
15
What is the remainder when 78 is divided by (-11 + 59)*(1/3 + 0)?
14
Let o = 97 - 94. What is the remainder when 7 is divided by o?
1
Let c = -16 + 7. What is the remainder when 21 is divided by 3/(c/6)*-3?
3
Suppose 2*x - z - 84 = 0, -88 - 2 = -2*x + 4*z. Let g(l) = -l**3 + 5*l**2 + l + 6. What is the remainder when x is divided by g(5)?
8
Suppose 6 = -3*a + 5*a. Let i(l) = 2*l**3 - 4*l**2 + l + 1. Let z = 28 - -14. What is the remainder when z is divided by i(a)?
20
Suppose 0 = 4*o - 3*o - 4. Let n be -3*4/(-6) + 1. Suppose -2*z - 3*u = -22, n*z - 3 = 4*u - 4. What is the remainder when z is divided by o?
1
Let g = -74 + 105. Let d = g + -17. What is the remainder when d is divided by 5?
4
Suppose 5*a - 127 - 38 = 0. Calculate the remainder when a is divided by 7.
5
Let f = 107 - 224. What is the remainder when 36 is divided by (6/(-9))/(6/f)?
10
Let s(z) = z**3 - 3*z**2 